5393?
5393
What are the prime factors of 13496?
2, 7, 241
What are the prime factors of 48529?
13, 3733
What are the prime factors of 24045?
3, 5, 7, 229
What are the prime factors of 44246?
2, 22123
What are the prime factors of 7519?
73, 103
What are the prime factors of 4686?
2, 3, 11, 71
List the prime factors of 31996.
2, 19, 421
What are the prime factors of 127982?
2, 89, 719
List the prime factors of 29863.
29863
List the prime factors of 5792.
2, 181
What are the prime factors of 6458?
2, 3229
List the prime factors of 934.
2, 467
What are the prime factors of 11838?
2, 3, 1973
What are the prime factors of 686?
2, 7
List the prime factors of 436.
2, 109
What are the prime factors of 826?
2, 7, 59
What are the prime factors of 103742?
2, 51871
List the prime factors of 116988.
2, 3, 9749
What are the prime factors of 17015?
5, 41, 83
List the prime factors of 1091.
1091
What are the prime factors of 3712?
2, 29
What are the prime factors of 858?
2, 3, 11, 13
List the prime factors of 2282.
2, 7, 163
List the prime factors of 11436.
2, 3, 953
What are the prime factors of 1062?
2, 3, 59
What are the prime factors of 14858?
2, 17, 19, 23
List the prime factors of 632.
2, 79
List the prime factors of 2229.
3, 743
What are the prime factors of 422?
2, 211
List the prime factors of 348.
2, 3, 29
What are the prime factors of 1359?
3, 151
What are the prime factors of 1674?
2, 3, 31
List the prime factors of 876.
2, 3, 73
List the prime factors of 8166.
2, 3, 1361
List the prime factors of 1550.
2, 5, 31
List the prime factors of 23571.
3, 97
What are the prime factors of 1102?
2, 19, 29
What are the prime factors of 124993?
11, 1033
What are the prime factors of 398?
2, 199
List the prime factors of 10777.
13, 829
What are the prime factors of 2478?
2, 3, 7, 59
What are the prime factors of 10643?
29, 367
List the prime factors of 760.
2, 5, 19
What are the prime factors of 1197?
3, 7, 19
List the prime factors of 2528.
2, 79
What are the prime factors of 1284?
2, 3, 107
List the prime factors of 2450.
2, 5, 7
What are the prime factors of 39402?
2, 3, 11, 199
What are the prime factors of 13196?
2, 3299
List the prime factors of 11677.
11677
What are the prime factors of 2958?
2, 3, 17, 29
What are the prime factors of 3907?
3907
List the prime factors of 13496.
2, 7, 241
What are the prime factors of 27558?
2, 3, 1531
List the prime factors of 289.
17
What are the prime factors of 36811?
131, 281
What are the prime factors of 1524?
2, 3, 127
List the prime factors of 40626.
2, 3, 37, 61
List the prime factors of 6005.
5, 1201
List the prime factors of 7190.
2, 5, 719
List the prime factors of 147052.
2, 97, 379
What are the prime factors of 3942?
2, 3, 73
What are the prime factors of 47218?
2, 23609
List the prime factors of 70104.
2, 3, 23, 127
List the prime factors of 8927.
79, 113
What are the prime factors of 136516?
2, 34129
What are the prime factors of 4470?
2, 3, 5, 149
List the prime factors of 5717.
5717
What are the prime factors of 30988?
2, 61, 127
List the prime factors of 58008.
2, 3, 2417
What are the prime factors of 74782?
2, 139, 269
What are the prime factors of 905?
5, 181
List the prime factors of 402.
2, 3, 67
What are the prime factors of 1458?
2, 3
List the prime factors of 31072.
2, 971
List the prime factors of 683.
683
List the prime factors of 14109.
3, 4703
List the prime factors of 1649.
17, 97
List the prime factors of 24935.
5, 4987
List the prime factors of 13314.
2, 3, 7, 317
List the prime factors of 25004.
2, 7, 19, 47
What are the prime factors of 775?
5, 31
What are the prime factors of 34350?
2, 3, 5, 229
What are the prime factors of 62?
2, 31
What are the prime factors of 48974?
2, 47, 521
List the prime factors of 28832.
2, 17, 53
What are the prime factors of 3341?
13, 257
What are the prime factors of 541?
541
What are the prime factors of 1436?
2, 359
What are the prime factors of 13703?
71, 193
What are the prime factors of 1789?
1789
What are the prime factors of 1744?
2, 109
List the prime factors of 54550.
2, 5, 1091
List the prime factors of 46680.
2, 3, 5, 389
What are the prime factors of 36695?
5, 41, 179
What are the prime factors of 7202?
2, 13, 277
List the prime factors of 56473.
56473
What are the prime factors of 19263?
3, 6421
List the prime factors of 376.
2, 47
What are the prime factors of 11506?
2, 11, 523
List the prime factors of 1827.
3, 7, 29
What are the prime factors of 4237?
19, 223
List the prime factors of 26115.
3, 5, 1741
List the prime factors of 37061.
37061
What are the prime factors of 6734?
2, 7, 13, 37
List the prime factors of 3616.
2, 113
What are the prime factors of 2318?
2, 19, 61
List the prime factors of 18243.
3, 2027
List the prime factors of 606.
2, 3, 101
List the prime factors of 35347.
13, 2719
What are the prime factors of 620?
2, 5, 31
List the prime factors of 53466.
2, 3, 7, 19, 67
What are the prime factors of 6126?
2, 3, 1021
What are the prime factors of 1126?
2, 563
List the prime factors of 9634.
2, 4817
What are the prime factors of 16460?
2, 5, 823
What are the prime factors of 21819?
3, 7, 1039
What are the prime factors of 27704?
2, 3463
List the prime factors of 9363.
3, 3121
What are the prime factors of 173?
173
What are the prime factors of 945?
3, 5, 7
What are the prime factors of 1400?
2, 5, 7
List the prime factors of 74223.
3, 2749
List the prime factors of 4241.
4241
List the prime factors of 2734.
2, 1367
List the prime factors of 486.
2, 3
List the prime factors of 35837.
35837
List the prime factors of 7480.
2, 5, 11, 17
List the prime factors of 1902.
2, 3, 317
What are the prime factors of 98276?
2, 79, 311
List the prime factors of 50691.
3, 61, 277
What are the prime factors of 1979?
1979
List the prime factors of 1506.
2, 3, 251
What are the prime factors of 40728?
2, 3, 1697
List the prime factors of 73435.
5, 19, 773
List the prime factors of 8444.
2, 2111
What are the prime factors of 3365?
5, 673
List the prime factors of 59642.
2, 11, 2711
What are the prime factors of 259?
7, 37
What are the prime factors of 1285?
5, 257
What are the prime factors of 932?
2, 233
What are the prime factors of 40486?
2, 31, 653
List the prime factors of 163.
163
What are the prime factors of 52432?
2, 29, 113
What are the prime factors of 6170?
2, 5, 617
What are the prime factors of 4031?
29, 139
What are the prime factors of 12661?
11, 1151
List the prime factors of 65266.
2, 32633
List the prime factors of 2295.
3, 5, 17
What are the prime factors of 2565?
3, 5, 19
List the prime factors of 5148.
2, 3, 11, 13
What are the prime factors of 809?
809
What are the prime factors of 38986?
2, 101, 193
List the prime factors of 11544.
2, 3, 13, 37
List the prime factors of 46999.
43, 1093
What are the prime factors of 766?
2, 383
List the prime factors of 85370.
2, 5, 8537
List the prime factors of 60359.
13, 4643
What are the prime factors of 25574?
2, 19, 673
What are the prime factors of 3368?
2, 421
What are the prime factors of 11395?
5, 43, 53
What are the prime factors of 113010?
2, 3, 5, 3767
List the prime factors of 14615.
5, 37, 79
List the prime factors of 239.
239
What are the prime factors of 1320?
2, 3, 5, 11
What are the prime factors of 53596?
2, 13399
List the prime factors of 8155.
5, 7, 233
What are the prime factors of 157264?
2, 9829
What are the prime factors of 5905?
5, 1181
What are the prime factors of 6441?
3, 19, 113
What are the prime factors of 877?
877
List the prime factors of 5597.
29, 193
List the prime factors of 6495.
3, 5, 433
List the prime factors of 28182.
2, 3, 7, 11, 61
What are the prime factors of 5756?
2, 1439
List the prime factors of 307.
307
What are the prime factors of 42388?
2, 10597
What are the prime factors of 57942?
2, 3, 29, 37
List the prime factors of 100860.
2, 3, 5, 41
List the prime factors of 39225.
3, 5, 523
What are the prime factors of 2104?
2, 263
List the prime factors of 7170.
2, 3, 5, 239
List the prime factors of 575.
5, 23
List the prime factors of 4950.
2, 3, 5, 11
What are the prime factors of 34143?
3, 19, 599
List the prime factors of 9378.
2, 3, 521
What are the prime factors of 598?
2, 13, 23
What are the prime factors of 26883?
3, 29, 103
What are